t common divisor of 69 and k?
23
Suppose 3*q = -2*q + 395. Suppose -5*y + q = -51. Let x be (-2)/(5/((-975)/6)). What is the greatest common divisor of y and x?
13
Let c be 922/12 - ((-550)/60 + 9). Suppose -5*h = 4 - 39. What is the greatest common divisor of h and c?
7
Let k = 66 + 79. Calculate the highest common divisor of 58 and k.
29
Suppose 3*s - 34 - 26 = 0. Calculate the greatest common divisor of s and 30.
10
Suppose -4*k = -5*k - 5*d - 3, k = -4*d - 2. Suppose 5*q + 0*q - 25 = 0. Calculate the highest common divisor of k and q.
1
Suppose y = 23 + 23. Let b = y - 28. Suppose -d + b = -0*d. What is the highest common divisor of d and 6?
6
Suppose -5*w + 115 = 5*r, -2*r + 4 = -0*r. Suppose 6*s = -9*s + 45. Calculate the greatest common factor of w and s.
3
Suppose 9*m = 4*m - 4*n + 367, 0 = -3*m - n + 223. What is the greatest common factor of 25 and m?
25
Let y = -11 - -21. Let v be 0/(0 - -5) - -2. Calculate the highest common factor of y and v.
2
Let p be (15/(-20))/((-2)/24). Let j be 3*2/2*-7. Let w = p - j. What is the greatest common factor of w and 20?
10
Let n = 2 + 70. Let a(b) = 4*b**2 + b. Let d be a(2). What is the highest common factor of n and d?
18
Let s be (60/(-25))/(2/(-5)). Let x be 40/s*12/10. What is the highest common divisor of 4 and x?
4
Let f(v) = -v**2 - 5*v - 2. Let p be f(-4). Suppose 0 = p*a - a. Suppose a = -6*d + 3*d + 96. What is the greatest common factor of d and 48?
16
Let x be 1/(-4*(-1)/104). Calculate the highest common factor of 104 and x.
26
Suppose -42 = -4*z + 2*u - 0*u, 2*z = -3*u + 17. What is the greatest common divisor of z and 5?
5
Let v(g) = 3*g**2 + 5*g - 6. Let a be v(6). What is the greatest common divisor of 12 and a?
12
Suppose 0 = a - 11*a + 280. Calculate the highest common factor of 140 and a.
28
Let b(y) be the second derivative of -y**4/12 + 2*y**3/3 + y**2 + 2*y. Let c be b(4). Calculate the highest common divisor of c and 5.
1
Let t(o) = -o + 3. Let d be t(2). Suppose d = -m - 3. Let v be 36/1*m/(-6). Calculate the greatest common factor of 3 and v.
3
Let q(g) = 71*g**3 + g**2 + g - 3. Let j be q(1). Suppose 4*y + z - 25 = 0, -4*y - 1 + 14 = 5*z. Calculate the highest common divisor of j and y.
7
Suppose 11 = -2*p + 191. Calculate the greatest common divisor of 30 and p.
30
Let l be 120 + (1 - 1) + 0. Suppose -4*h - h = -l. What is the greatest common divisor of 8 and h?
8
Let i(n) = n**2 - 2*n. Let s be i(3). Suppose 5*g = -17 - s. Let r be (-3 + 15)*(-10)/g. What is the highest common divisor of r and 12?
6
Suppose 5*h - 990 = -0*h. Let q = -12 + 30. Calculate the greatest common divisor of h and q.
18
Suppose -5*p + 4*r + 132 = -2*p, 189 = 4*p - r. What is the highest common divisor of p and 16?
16
Let k be 33*(2 + -1*1). Let o = 4 + -5. Let s = o - -4. What is the greatest common factor of s and k?
3
Let s(r) = -r**2 - 13*r - 13. Let o be s(-10). What is the highest common divisor of o and 17?
17
Suppose 2*n + 85 = 285. Suppose 4*t - n = 2*t. Calculate the greatest common factor of 10 and t.
10
Let p be ((-27)/6)/((-12)/16). Let x(q) = -q + 6. Let y(l) = -4*l**3 + l + 1. Let j be y(-1). Let d be x(j). Calculate the greatest common divisor of p and d.
2
Let d(x) = -5 + 0 + 4 - x. Let p be d(-4). Suppose -2*b = p*b - 140. Calculate the greatest common divisor of 7 and b.
7
Let c be (-2)/(-4) - 1/2. Suppose -2*n + c*o + 78 = o, 0 = -3*o. What is the highest common divisor of 26 and n?
13
Let s = 145 + -125. Let x(i) = i**2 - i - 2. Let l be x(-2). Calculate the greatest common divisor of l and s.
4
Let m = 8 - 15. Let j be m*-2*(-3)/(-21). What is the greatest common divisor of j and 2?
2
Let w be 5/15 + 77/3. What is the highest common divisor of w and 39?
13
Let q = 16 - 0. Calculate the highest common factor of q and 48.
16
Suppose 4*p - 7 = 5. Suppose 0 = -2*u + p*h - 29, 5*h - 4 = -3*u - 0*h. Let m = 15 + u. Calculate the greatest common factor of m and 88.
8
Let l be ((-2)/(-4))/(2/(-4)). Let x be 0 + -2 + l + 43. Calculate the greatest common factor of 8 and x.
8
Suppose 5*f - 114 = 236. Suppose 0*w - 4 = 2*w. Let v(c) = 3*c**2 + 2*c - 1. Let o be v(w). Calculate the highest common factor of o and f.
7
Let r = 35 - 18. Suppose -4*y + 50 + 22 = 0. Suppose -16 = -2*l + y. Calculate the highest common factor of l and r.
17
Let c be 1/(0 - -1)*3. Suppose -3*z + 45 = 5*y, 0 = 2*z - 0*z - c*y - 30. Calculate the greatest common divisor of z and 135.
15
Suppose -30 = 2*z - 5*z. What is the highest common factor of z and 20?
10
Let c be 104/28 - (-4)/14. Let v be -3 - (0 - (2 + c)). Suppose 0 = 3*i - v - 6. Calculate the greatest common factor of i and 15.
3
Let m be (-3)/(-5) - (-4)/10. Let r be -5 - 3*(-30)/9. Calculate the highest common factor of r and m.
1
Let j = 20 - -2. Let z = -2 + 0. Let g be z/11 + 114/j. Calculate the greatest common factor of 5 and g.
5
Let c(a) = 10*a - 11. Let x be c(13). What is the highest common divisor of x and 17?
17
Let l(b) = b. Let v(i) = 3*i. Let n(d) = 2*l(d) - v(d). Let a be n(1). Let m be 2108/16 + a/(-4). What is the highest common factor of m and 12?
12
Let u be 3/(3/56*4). What is the greatest common factor of 56 and u?
14
Let f be 2 + 16/6*1377/36. What is the highest common factor of f and 13?
13
Suppose 2*s - 411 = -27. Calculate the greatest common factor of s and 32.
32
Suppose 4 - 40 = -4*t. Suppose 0*z = 3*z - t. Calculate the greatest common divisor of z and 1.
1
Let h = 145 + -113. What is the highest common divisor of 1 and h?
1
Let x(l) = l**3 + l**2 - l - 21. Let a be x(0). Let u = a - -31. Suppose -q = -3*q + 20. What is the highest common divisor of q and u?
10
Let y(f) = -f**2 + 4*f - 4. Let p be y(4). Let n be (p + 1)*(-4)/4. What is the highest common divisor of n and 18?
3
Let m = 2 - 1. Let i be (-46)/6 + m/(-3). Let v be -2 - i*(1 - -3). Calculate the highest common factor of 6 and v.
6
Suppose 25 = u - 4*r, 0*r + 2*r - 28 = -4*u. Let y(t) = -5*t**3 - t**2 + t + 2. Let b be y(-2). What is the greatest common divisor of u and b?
9
Let h = 4 + -10. Let z be 2/12 - 83/h. Let w(x) = 19*x + 3. Let n be w(5). What is the greatest common factor of n and z?
14
Let a be (4 + -4 - 4)*-2. What is the highest common factor of a and 2?
2
Let m be (12/(-2))/((-6)/8). Suppose 0 = 3*x - x - 3*d - 36, 0 = -2*x + 4*d + 32. Suppose 2*c + x = 5*c. What is the highest common divisor of m and c?
8
Let w be 8/36 + (-25)/(-9). Let q be 7 - (-3*1)/w. Calculate the highest common divisor of q and 24.
8
Let q(w) = -w**3 - 2*w**2 - w. Let n be q(-2). Suppose 4*y - 3*y - 4*p = 22, 0 = 4*y + 3*p + 7. What is the highest common divisor of y and n?
2
Let k = 186 + -83. Let b = k + 139. Let w be (-240)/(-11) - 10/(-55). Calculate the greatest common divisor of b and w.
22
Let v be (-1 - -69) + -4 + 1 + 0. What is the greatest common divisor of v and 26?
13
Suppose b - 171 = -0*b. Let v = 97 - 78. What is the highest common divisor of v and b?
19
Let f be (-40)/(-7) - (-6)/21. Let g = 1 - -23. What is the highest common factor of g and f?
6
Suppose 0 = b + 5*b - 198. What is the highest common factor of 3 and b?
3
Let r(h) = h**2 + 5*h + 6. Let v be r(-4). Let z be 1/v - (-35)/2. Suppose 0*k + 3*k - 6 = 0. Calculate the greatest common factor of z and k.
2
Suppose 0 = -2*y + 3*y - 24. Let z = y - 15. Let f = 139 - 58. Calculate the greatest common divisor of f and z.
9
Suppose 0 = l + 3*i + 15, -4*i + i - 15 = 3*l. Suppose d = -l*d + 3. Calculate the greatest common divisor of d and 3.
3
Suppose -x = -3*u + 4, u + 3 = 4*x - 3. Suppose 3*g - 16 = u. Let n = 93 + -89. Calculate the greatest common factor of g and n.
2
Let h be (174 - -6)/((-3)/6 - -2). Calculate the greatest common factor of h and 48.
24
Suppose 95 = -h + 6*h. Let c = -4 + h. Calculate the greatest common divisor of 75 and c.
15
Suppose -5*i + 35 = 3*x, 2*x - i - 16 = -2*x. Calculate the greatest common factor of 10 and x.
5
Let r be 35*-1*(-48)/56*1. Calculate the highest common factor of r and 75.
15
Let t = 27 + -18. Let n(q) = 4*q + 11. Let c be n(9). Suppose c = 7*f - 79. Calculate the greatest common factor of t and f.
9
Let j(b) = -b**2. Let p be j(0). Suppose -k + 7 + 5 = p. What is the greatest common factor of k and 8?
4
Let y = 30 + 23. Suppose 5*k + 8 - y = 0. W